{"id":97,"date":"2016-10-08T22:34:34","date_gmt":"2016-10-08T20:34:34","guid":{"rendered":"http:\/\/test.pol-ka.com.pl\/?page_id=97"},"modified":"2016-10-08T22:42:44","modified_gmt":"2016-10-08T20:42:44","slug":"siekiery","status":"publish","type":"page","link":"https:\/\/pol-ka.com.pl\/?page_id=97","title":{"rendered":"Siekiery"},"content":{"rendered":"<p>[vc_row][vc_column][vc_row_inner][vc_column_inner][vc_custom_heading text=&#8221;Narz\u0119dzia Kute &#8211; Siekiery&#8221; font_container=&#8221;tag:h2|font_size:28|text_align:left&#8221; use_theme_fonts=&#8221;yes&#8221; css=&#8221;.vc_custom_1475958803615{margin-top: 10px !important;margin-bottom: 10px !important;}&#8221;][\/vc_column_inner][\/vc_row_inner][vc_column_text]<\/p>\n<p>W naszej ofercie znajdziecie Pa\u0144stwo siekiery kute wysokiej jako\u015bci o r\u00f3\u017cnej wadze. Wszystkie oferowane przez nas narz\u0119dzia kute s\u0105 wykonane o wysokich parametrach wytrzyma\u0142o\u015bciowych.<\/p>\n<p>Zapraszamy do skorzystania z naszej oferty i zapraszamy do naszego sklepu internetowego hardtools.pl<\/p>\n<p>Pobierz: <a href=\"http:\/\/test.pol-ka.com.pl\/wp-content\/uploads\/2016\/10\/cennik_kute_092016.pdf\">Cennik od 01.09.2016<\/a><\/p>\n<p>[\/vc_column_text][vc_masonry_media_grid gap=&#8221;10&#8243; item=&#8221;masonryMedia_ScaleWithRotationLight&#8221; initial_loading_animation=&#8221;fadeIn&#8221; grid_id=&#8221;vc_gid:1475956727703-787478c2-a0c3-0&#8243; include=&#8221;98,99,100,101,102,103,104,105,106,107,108,109&#8243;][\/vc_column][\/vc_row]<\/p>\n","protected":false},"excerpt":{"rendered":"<p>[vc_row][vc_column][vc_row_inner][vc_column_inner][vc_custom_heading text=&#8221;Narz\u0119dzia Kute &#8211; Siekiery&#8221; font_container=&#8221;tag:h2|font_size:28|text_align:left&#8221; use_theme_fonts=&#8221;yes&#8221; css=&#8221;.vc_custom_1475958803615{margin-top: 10px !important;margin-bottom: 10px !important;}&#8221;][\/vc_column_inner][\/vc_row_inner][vc_column_text] W naszej ofercie znajdziecie Pa\u0144stwo siekiery kute wysokiej jako\u015bci o r\u00f3\u017cnej wadze. Wszystkie oferowane<span class=\"excerpt-hellip\"> [\u2026]<\/span><\/p>\n","protected":false},"author":1,"featured_media":0,"parent":54,"menu_order":2,"comment_status":"closed","ping_status":"closed","template":"","meta":{"footnotes":""},"yoast_head":"<!-- This site is optimized with the Yoast SEO plugin v15.9.2 - https:\/\/yoast.com\/wordpress\/plugins\/seo\/ -->\n<title>Siekiery | Pol-Ka<\/title>\n<link rel=\"canonical\" href=\"https:\/\/pol-ka.com.pl\/?page_id=97\" \/>\n<meta property=\"og:locale\" content=\"pl_PL\" \/>\n<meta property=\"og:type\" content=\"article\" \/>\n<meta property=\"og:title\" content=\"Siekiery | Pol-Ka\" \/>\n<meta property=\"og:description\" content=\"[vc_row][vc_column][vc_row_inner][vc_column_inner][vc_custom_heading text=&#8221;Narz\u0119dzia Kute &#8211; Siekiery&#8221; font_container=&#8221;tag:h2|font_size:28|text_align:left&#8221; use_theme_fonts=&#8221;yes&#8221; css=&#8221;.vc_custom_1475958803615{margin-top: 10px !important;margin-bottom: 10px !important;}&#8221;][\/vc_column_inner][\/vc_row_inner][vc_column_text] W naszej ofercie znajdziecie Pa\u0144stwo siekiery kute wysokiej jako\u015bci o r\u00f3\u017cnej wadze. Wszystkie oferowane [\u2026]\" \/>\n<meta property=\"og:url\" content=\"https:\/\/pol-ka.com.pl\/?page_id=97\" \/>\n<meta property=\"og:site_name\" content=\"Pol-Ka\" \/>\n<meta property=\"article:modified_time\" content=\"2016-10-08T20:42:44+00:00\" \/>\n<meta name=\"twitter:card\" content=\"summary\" \/>\n<meta name=\"twitter:label1\" content=\"Est. reading time\">\n\t<meta name=\"twitter:data1\" content=\"1 minuta\">\n<script type=\"application\/ld+json\" class=\"yoast-schema-graph\">{\"@context\":\"https:\/\/schema.org\",\"@graph\":[{\"@type\":\"WebSite\",\"@id\":\"https:\/\/pol-ka.com.pl\/#website\",\"url\":\"https:\/\/pol-ka.com.pl\/\",\"name\":\"Pol-Ka\",\"description\":\"Najlepsze Narz\\u0119dzia Kute\",\"potentialAction\":[{\"@type\":\"SearchAction\",\"target\":\"https:\/\/pol-ka.com.pl\/?s={search_term_string}\",\"query-input\":\"required name=search_term_string\"}],\"inLanguage\":\"pl-PL\"},{\"@type\":\"WebPage\",\"@id\":\"https:\/\/pol-ka.com.pl\/?page_id=97#webpage\",\"url\":\"https:\/\/pol-ka.com.pl\/?page_id=97\",\"name\":\"Siekiery | Pol-Ka\",\"isPartOf\":{\"@id\":\"https:\/\/pol-ka.com.pl\/#website\"},\"datePublished\":\"2016-10-08T20:34:34+00:00\",\"dateModified\":\"2016-10-08T20:42:44+00:00\",\"breadcrumb\":{\"@id\":\"https:\/\/pol-ka.com.pl\/?page_id=97#breadcrumb\"},\"inLanguage\":\"pl-PL\",\"potentialAction\":[{\"@type\":\"ReadAction\",\"target\":[\"https:\/\/pol-ka.com.pl\/?page_id=97\"]}]},{\"@type\":\"BreadcrumbList\",\"@id\":\"https:\/\/pol-ka.com.pl\/?page_id=97#breadcrumb\",\"itemListElement\":[{\"@type\":\"ListItem\",\"position\":1,\"item\":{\"@type\":\"WebPage\",\"@id\":\"https:\/\/pol-ka.com.pl\/\",\"url\":\"https:\/\/pol-ka.com.pl\/\",\"name\":\"Strona g\\u0142\\u00f3wna\"}},{\"@type\":\"ListItem\",\"position\":2,\"item\":{\"@type\":\"WebPage\",\"@id\":\"https:\/\/pol-ka.com.pl\/?page_id=54\",\"url\":\"https:\/\/pol-ka.com.pl\/?page_id=54\",\"name\":\"Narz\\u0119dzia Kute\"}},{\"@type\":\"ListItem\",\"position\":3,\"item\":{\"@type\":\"WebPage\",\"@id\":\"https:\/\/pol-ka.com.pl\/?page_id=97\",\"url\":\"https:\/\/pol-ka.com.pl\/?page_id=97\",\"name\":\"Siekiery\"}}]}]}<\/script>\n<!-- \/ Yoast SEO plugin. -->","_links":{"self":[{"href":"https:\/\/pol-ka.com.pl\/index.php?rest_route=\/wp\/v2\/pages\/97"}],"collection":[{"href":"https:\/\/pol-ka.com.pl\/index.php?rest_route=\/wp\/v2\/pages"}],"about":[{"href":"https:\/\/pol-ka.com.pl\/index.php?rest_route=\/wp\/v2\/types\/page"}],"author":[{"embeddable":true,"href":"https:\/\/pol-ka.com.pl\/index.php?rest_route=\/wp\/v2\/users\/1"}],"replies":[{"embeddable":true,"href":"https:\/\/pol-ka.com.pl\/index.php?rest_route=%2Fwp%2Fv2%2Fcomments&post=97"}],"version-history":[{"count":2,"href":"https:\/\/pol-ka.com.pl\/index.php?rest_route=\/wp\/v2\/pages\/97\/revisions"}],"predecessor-version":[{"id":111,"href":"https:\/\/pol-ka.com.pl\/index.php?rest_route=\/wp\/v2\/pages\/97\/revisions\/111"}],"up":[{"embeddable":true,"href":"https:\/\/pol-ka.com.pl\/index.php?rest_route=\/wp\/v2\/pages\/54"}],"wp:attachment":[{"href":"https:\/\/pol-ka.com.pl\/index.php?rest_route=%2Fwp%2Fv2%2Fmedia&parent=97"}],"curies":[{"name":"wp","href":"https:\/\/api.w.org\/{rel}","templated":true}]}}